{"id":54,"date":"2013-07-10T20:17:51","date_gmt":"2013-07-10T20:17:51","guid":{"rendered":"http:\/\/eec.cat\/blog\/?page_id=54"},"modified":"2026-03-07T17:00:13","modified_gmt":"2026-03-07T16:00:13","slug":"la-nostra-esglesia","status":"publish","type":"page","link":"https:\/\/eec.cat\/blog\/","title":{"rendered":"La nostra esgl\u00e9sia"},"content":{"rendered":"<p>Actualment, no \u00e9s f\u00e0cil d\u2019orientar-nos en l\u2019entrellat religi\u00f3s que tenim a Catalunya. A la realitat de les religions orientals, que s\u2019han fet presents a casa nostra, s\u2019hi afegeix el pluralisme cristi\u00e0, que s\u2019ha agreujat amb l\u2019arribada d\u2019immigrants dels pa\u00efsos americans de parla castellana i d\u2019esgl\u00e9sies i grups sectaris que ens venen dels EE.UU. El fet que aquests nou vinguts siguin molt nombrosos est\u00e0 donant un nou rostre al protestantisme catal\u00e0, que ens obliga a autodefinir-nos. No tots els que es diuen protestants tenen denominaci\u00f3 d\u2019origen i \u00e9s preocupant que, mica a mica, i pel seu pes demogr\u00e0fic i \u201cevangelisme\u201d agressiu, vagin ocupant el lloc de les esgl\u00e9sies tradicionals. Manifestacions que s\u2019han produ\u00eft a favor de la fam\u00edlia i concentracions per pregar per Espanya, han tingut el seu origen en aquests grups d\u2019esgl\u00e9sies, m\u00e9s o menys recolzades o tolerades, per les esgl\u00e9sies i institucions de sempre, algunes de les quals tamb\u00e9 han sofert un proc\u00e9s de canvi cap el fonamentalisme religi\u00f3s, influ\u00efdes per la dreta religiosa nord-americana. La FEREDE no ens \u00e9s en aquest cas d\u2019ajuda, ja que ens agrupa a tots i, per la seva pr\u00f2pia normativa, est\u00e0 limitada al manteniment de les relacions amb l\u2019Estat i la promoci\u00f3 de la llibertat religiosa.<\/p>\n<p>Enmig d\u2019aquest batibull ens cal situar l\u2019Esgl\u00e9sia Evang\u00e8lica de Catalunya, la nostra esgl\u00e9sia. Es tracta d\u2019un petit grup de comunitats, situades especialment a Barcelona i rodalies, que representen el protestantisme hist\u00f2ric, essent hereves de les tradicions luterana, presbiteriana i metodista. Es l\u2019Esgl\u00e9sia protestant m\u00e9s antiga de Barcelona. La seva primera comunitat (la que es reuneix al carrer Arag\u00f3, 51) va celebrar el primer culte a la ciutat comtal el 1er de gener de 1869. La comunitat del carrer Tallers es va constituir el 1er de setembre de 1871. I aix\u00ed les del Clot, Poble Nou, Rub\u00ed, etc.<\/p>\n<p>Aquestes comunitats es van mantenir tot al llarg de m\u00e9s de 130 anys suportant tota mena de situacions adverses, assetjades per una esgl\u00e9sia cat\u00f2lica reaccionaria i polititzada que volia mantenir, per damunt de tot, la unitat religiosa d\u2019Espanya. Amb l\u2019excepci\u00f3 de curts espais de temps \u2013les dues rep\u00fabliques- va viure en la clandestinitat i va sofrir la repres\u00e0lia de les dretes religioses en el poder. El franquisme va ser una \u00e8poca nefasta en la que ens va tocar tenir els temples tancats, els cultes prohibits i ser vilipendiats per les institucions estatals.<\/p>\n<p>Tot aix\u00f2 forma part de la nostra tradici\u00f3 i es un fonament hist\u00f2ric a partir del qual ens cal anar endavant i evolucionar vers formes de vida i conviv\u00e8ncia d\u2019acord amb el temps actual. Si en els primers decennis vam viure en la resist\u00e8ncia i la controv\u00e8rsia amb el catolicisme, posant en evid\u00e8ncia les difer\u00e8ncies doctrinals, en el curs dels anys hem apr\u00e9s a conviure i trobar camins d\u2019apropament, que s\u2019av\u00e9 molt poc amb actituds sect\u00e0ries que en donen sovint a casa nostra.<\/p>\n<p>L\u2019Esgl\u00e9sia Evang\u00e8lica de Catalunya \u00e9s una esgl\u00e9sia oberta i lliberal, en la que tots hi s\u00f3n benvinguts. Mantenim les doctrines fonamentals del protestantisme, per\u00f2 sempre en cont\u00ednua revisi\u00f3. No fem cap mena de discriminaci\u00f3 envers les persones. Cadasc\u00fa es personalment responsable davant D\u00e9u i \u00e9s a Ell a qui tots haurem de donar comptes. No tenim dogmes inamovibles ni participem d\u2019un pensament \u00fanic. Tal com deia John Wesley, el fundador del metodisme: \u201cPensem i deixem pensar\u201d.<\/p>\n<p>Som seguidors de Jes\u00fas de Natzaret i la nostra \u00fanica autoritat \u00e9s Ell, Jes\u00fas, tal i com el podem entendre a partir de les Escriptures. Aix\u00f2 fa que tinguem una mentalitat ecum\u00e8nica. Ning\u00fa no t\u00e9 la veritat absoluta. Nom\u00e9s Ell. Tots nosaltres som aprenents, homes i dones a la recerca de la veritat del m\u00f3n i de la vida, i en els resultats d\u2019aquesta recerca ens respectem els uns als altres. A ning\u00fa no volem jutjar, ni a ning\u00fa no tenim per enemic. Si diferim dels conservadors i els fonamentalistes, aix\u00f2 no vol dir que no els respectem. S\u00f3n camins diferents, per\u00f2 haur\u00edem de coincidir en l\u2019amor que ens hem de tenir els uns als altres.<\/p>\n<p>El sectarisme i les actituds sect\u00e0ries que es donen a casa nostra tenen el dies comptats. Poden sobreviure en un temps en el que la ra\u00f3 queda ofuscada pel fanatisme. Per\u00f2 a la llarga, no tenen futur. Finalment, triomfar\u00e0 la llum i, amb ella, la Veritat.<\/p>\n<p style=\"text-align: right;\"><strong>Enric Cap\u00f3<\/strong><\/p>\n","protected":false},"excerpt":{"rendered":"<p>Actualment, no \u00e9s f\u00e0cil d\u2019orientar-nos en l\u2019entrellat religi\u00f3s que tenim a Catalunya. A la realitat de les religions orientals, que s\u2019han fet presents a casa nostra, s\u2019hi afegeix el pluralisme cristi\u00e0, que s\u2019ha agreujat amb l\u2019arribada d\u2019immigrants dels pa\u00efsos americans de parla castellana i d\u2019esgl\u00e9sies i grups sectaris que ens venen dels EE.UU. El fet [&hellip;]<\/p>\n","protected":false},"author":1,"featured_media":1764,"parent":0,"menu_order":0,"comment_status":"closed","ping_status":"open","template":"","meta":{"footnotes":""},"class_list":["post-54","page","type-page","status-publish","has-post-thumbnail","hentry"],"jetpack_sharing_enabled":true,"_links":{"self":[{"href":"https:\/\/eec.cat\/blog\/wp-json\/wp\/v2\/pages\/54","targetHints":{"allow":["GET"]}}],"collection":[{"href":"https:\/\/eec.cat\/blog\/wp-json\/wp\/v2\/pages"}],"about":[{"href":"https:\/\/eec.cat\/blog\/wp-json\/wp\/v2\/types\/page"}],"author":[{"embeddable":true,"href":"https:\/\/eec.cat\/blog\/wp-json\/wp\/v2\/users\/1"}],"replies":[{"embeddable":true,"href":"https:\/\/eec.cat\/blog\/wp-json\/wp\/v2\/comments?post=54"}],"version-history":[{"count":1,"href":"https:\/\/eec.cat\/blog\/wp-json\/wp\/v2\/pages\/54\/revisions"}],"predecessor-version":[{"id":2567,"href":"https:\/\/eec.cat\/blog\/wp-json\/wp\/v2\/pages\/54\/revisions\/2567"}],"wp:featuredmedia":[{"embeddable":true,"href":"https:\/\/eec.cat\/blog\/wp-json\/wp\/v2\/media\/1764"}],"wp:attachment":[{"href":"https:\/\/eec.cat\/blog\/wp-json\/wp\/v2\/media?parent=54"}],"curies":[{"name":"wp","href":"https:\/\/api.w.org\/{rel}","templated":true}]}}