{"id":145,"date":"2013-07-11T10:21:06","date_gmt":"2013-07-11T10:21:06","guid":{"rendered":"http:\/\/eec.cat\/blog\/?page_id=145"},"modified":"2026-03-07T17:00:17","modified_gmt":"2026-03-07T16:00:17","slug":"departament-decumenisme","status":"publish","type":"page","link":"https:\/\/eec.cat\/blog\/que-fa-leec\/departament-decumenisme\/","title":{"rendered":"DEPARTAMENT D&#8217;ECUMENISME"},"content":{"rendered":"<p><strong>Responsable: Pra. Marta L\u00f3pez Ballalta<\/strong><\/p>\n<p>L\u2019ecumenisme \u00e9s un camp important d\u2019acci\u00f3 de l\u2019Esgl\u00e9sia Evang\u00e8lica de Catalunya. Per constituci\u00f3, l\u2019EEC \u00e9s un Presbiteri de la Iglesia Evang\u00e9lica Espa\u00f1ola y aquesta esgl\u00e9sia s\u2019ha caracteritzat sempre pel seu car\u00e0cter marcadament ecum\u00e8nic i aix\u00f2 tant a nivell de les esgl\u00e9sies protestants com amb l\u2019esgl\u00e9sia cat\u00f2lica.<\/p>\n<p>A nivell de l\u2019estat espanyol, la nostra esgl\u00e9sia ha estat sempre present i capdavantera en el moviments d\u2019aproximaci\u00f3 entre las diferents denominacions evang\u00e8liques. Es membre fundador, per exemple, de la FEREDE quan encara s\u2019anomenava Comissi\u00f3 de Defensa i de la majoria dels Consells Evang\u00e8lics auton\u00f2mics. Tamb\u00e9 va recolzar la iniciativa de crear un Consell de les Esgl\u00e9sies Cristianes d\u2019Espanya, amb participaci\u00f3 de totes les denominacions evang\u00e8liques, l\u2019Esgl\u00e9sia Cat\u00f2lica i les esgl\u00e9sies ortodoxes, malgrat que finalment no va reeixir.<\/p>\n<p>A nivell internacional, som membres de ple dret de l\u2019Alian\u00e7a Reformada Mundial y del Consell Mundial Metodista. A m\u00e9s, som esgl\u00e9sia\u00a0 fundadora tant del Consell Mundial d\u2019Esgl\u00e9sies, creat l\u2019any 1948, com de la Conferencia de Esgl\u00e9sies Europees. Amb aix\u00f2 donem testimoniatge de la nostra vocaci\u00f3 ecum\u00e8nica: ser una esgl\u00e9sia unida, \u00e9s a dir, oberta a tots,\u00a0 en la qual actualment s\u2019integren presbiterians, metodistes, congregacioalistes i luterans.<\/p>\n<p>Malgrat que mai no ha estat possible crear instruments oficials de relaci\u00f3 amb l\u2019Esgl\u00e9sia Cat\u00f2lica i els ortodoxes, pastors i laics de la nostra Esgl\u00e9sia Evang\u00e8lica de Catalunya van impulsar la creaci\u00f3 (1954) del Centre Ecum\u00e8nic de Catalunya, pioner de l\u2019ecumenisme a l\u2019estat espanyol.<\/p>\n<p>Estem conven\u00e7uts que l\u2019acci\u00f3 de l\u2019Esperit sobre les esgl\u00e9sies ens porta, avui i cada vegada amb m\u00e9s for\u00e7a, a buscar la unitat del cristians que son cridats a manifestar la unitat fonamental de l\u2019Esgl\u00e9sia de Crist. Volem participar en aquest corrent ecum\u00e8nic per tal de ser, en les mans de D\u00e9u, instruments de reconciliaci\u00f3 entre tots.<\/p>\n","protected":false},"excerpt":{"rendered":"<p>Responsable: Pra. Marta L\u00f3pez Ballalta L\u2019ecumenisme \u00e9s un camp important d\u2019acci\u00f3 de l\u2019Esgl\u00e9sia Evang\u00e8lica de Catalunya. Per constituci\u00f3, l\u2019EEC \u00e9s un Presbiteri de la Iglesia Evang\u00e9lica Espa\u00f1ola y aquesta esgl\u00e9sia s\u2019ha caracteritzat sempre pel seu car\u00e0cter marcadament ecum\u00e8nic i aix\u00f2 tant a nivell de les esgl\u00e9sies protestants com amb l\u2019esgl\u00e9sia cat\u00f2lica. A nivell de l\u2019estat [&hellip;]<\/p>\n","protected":false},"author":1,"featured_media":0,"parent":91,"menu_order":0,"comment_status":"closed","ping_status":"open","template":"","meta":{"footnotes":""},"class_list":["post-145","page","type-page","status-publish","hentry"],"jetpack_sharing_enabled":true,"_links":{"self":[{"href":"https:\/\/eec.cat\/blog\/wp-json\/wp\/v2\/pages\/145","targetHints":{"allow":["GET"]}}],"collection":[{"href":"https:\/\/eec.cat\/blog\/wp-json\/wp\/v2\/pages"}],"about":[{"href":"https:\/\/eec.cat\/blog\/wp-json\/wp\/v2\/types\/page"}],"author":[{"embeddable":true,"href":"https:\/\/eec.cat\/blog\/wp-json\/wp\/v2\/users\/1"}],"replies":[{"embeddable":true,"href":"https:\/\/eec.cat\/blog\/wp-json\/wp\/v2\/comments?post=145"}],"version-history":[{"count":1,"href":"https:\/\/eec.cat\/blog\/wp-json\/wp\/v2\/pages\/145\/revisions"}],"predecessor-version":[{"id":2548,"href":"https:\/\/eec.cat\/blog\/wp-json\/wp\/v2\/pages\/145\/revisions\/2548"}],"up":[{"embeddable":true,"href":"https:\/\/eec.cat\/blog\/wp-json\/wp\/v2\/pages\/91"}],"wp:attachment":[{"href":"https:\/\/eec.cat\/blog\/wp-json\/wp\/v2\/media?parent=145"}],"curies":[{"name":"wp","href":"https:\/\/api.w.org\/{rel}","templated":true}]}}