{"id":142,"date":"2013-07-11T10:03:04","date_gmt":"2013-07-11T10:03:04","guid":{"rendered":"http:\/\/eec.cat\/blog\/?page_id=142"},"modified":"2026-03-07T17:00:17","modified_gmt":"2026-03-07T16:00:17","slug":"departament-de-comunicacio","status":"publish","type":"page","link":"https:\/\/eec.cat\/blog\/que-fa-leec\/departament-de-comunicacio\/","title":{"rendered":"DEPARTAMENT DE COMUNICACI\u00d3"},"content":{"rendered":"<p align=\"justify\"><strong>Responsable: Ismael Gramaje<\/strong><\/p>\n<p align=\"justify\">El Departament de Comunicaci\u00f3 pret\u00e9n ser la veu de l\u2019Esgl\u00e9sia Evang\u00e8lica de Catalunya davant dels grans esdeveniments mundials, que afecten de manera molt perjudicial una gran part de la humanitat. Un dels seus objectius \u00e9s pronunciar-se contra les injust\u00edcies i intervenir positivament en les situacions conflictives que afecten el nostre propi pa\u00eds. D\u2019altra banda, atenta a les noves tecnologies, vol arribar a tothom mitjan\u00e7ant una p\u00e0gina web.<\/p>\n<p align=\"justify\">Aquest Departament, tindr\u00e0 tres \u00e0rees de treball ben definides:<\/p>\n<p align=\"justify\">1) En primer lloc s\u2019encarregar\u00e0 de la publicaci\u00f3 d\u2019un butllet\u00ed mensual electr\u00f2nic, que s\u2019inclour\u00e0 en aquesta p\u00e0g. L\u2019esmentat butllet\u00ed vol donar informaci\u00f3 r\u00e0pida sobre les not\u00edcies de la nostre esgl\u00e9sia a tots els membres i tamb\u00e9 a tots aquells que hi estiguin interessats. Constar\u00e0 tamb\u00e9 d\u2019un article d\u2019opini\u00f3 sobre l\u2019actualitat.<\/p>\n<p align=\"justify\">2) El manteniment de la p\u00e0g. web. Es tracta de que aquesta p\u00e0gina estigui sempre al dia, amb totes les not\u00edcies d\u2019actualitat, informes del Consell Pastoral, activitats dels adolescents, de les esgl\u00e9sies, articles d\u2019opini\u00f3, etc.<\/p>\n<p align=\"justify\">3) Confecci\u00f3 de comunicats amb l\u2019opini\u00f3 de l\u2019esgl\u00e9sia sobre mat\u00e8ries actuals relacionades amb qualsevol q\u00fcesti\u00f3 d\u2019inter\u00e8s.<\/p>\n<p align=\"justify\">El repte \u00e9s fer-nos escoltar davant una societat avan\u00e7ada, per\u00f2 alhora deficit\u00e0ria en creences, on cada cop m\u00e9s els ciutadans necessiten apropar-se i con\u00e8ixer altres realitats que ofereixin llibertat, esperan\u00e7a, amor&#8230; aix\u00ed com d\u2019altres valors que ara per ara s\u00f3n molt dif\u00edcils de trobar enlloc. I com esgl\u00e9sia hem donar a con\u00e8ixer les paraules encoratjadores i d\u2019amor de Jes\u00fas&#8230;. perqu\u00e8 tots les necessiten.<\/p>\n","protected":false},"excerpt":{"rendered":"<p>Responsable: Ismael Gramaje El Departament de Comunicaci\u00f3 pret\u00e9n ser la veu de l\u2019Esgl\u00e9sia Evang\u00e8lica de Catalunya davant dels grans esdeveniments mundials, que afecten de manera molt perjudicial una gran part de la humanitat. Un dels seus objectius \u00e9s pronunciar-se contra les injust\u00edcies i intervenir positivament en les situacions conflictives que afecten el nostre propi pa\u00eds. [&hellip;]<\/p>\n","protected":false},"author":1,"featured_media":0,"parent":91,"menu_order":0,"comment_status":"closed","ping_status":"open","template":"","meta":{"footnotes":""},"class_list":["post-142","page","type-page","status-publish","hentry"],"jetpack_sharing_enabled":true,"_links":{"self":[{"href":"https:\/\/eec.cat\/blog\/wp-json\/wp\/v2\/pages\/142","targetHints":{"allow":["GET"]}}],"collection":[{"href":"https:\/\/eec.cat\/blog\/wp-json\/wp\/v2\/pages"}],"about":[{"href":"https:\/\/eec.cat\/blog\/wp-json\/wp\/v2\/types\/page"}],"author":[{"embeddable":true,"href":"https:\/\/eec.cat\/blog\/wp-json\/wp\/v2\/users\/1"}],"replies":[{"embeddable":true,"href":"https:\/\/eec.cat\/blog\/wp-json\/wp\/v2\/comments?post=142"}],"version-history":[{"count":2,"href":"https:\/\/eec.cat\/blog\/wp-json\/wp\/v2\/pages\/142\/revisions"}],"predecessor-version":[{"id":2554,"href":"https:\/\/eec.cat\/blog\/wp-json\/wp\/v2\/pages\/142\/revisions\/2554"}],"up":[{"embeddable":true,"href":"https:\/\/eec.cat\/blog\/wp-json\/wp\/v2\/pages\/91"}],"wp:attachment":[{"href":"https:\/\/eec.cat\/blog\/wp-json\/wp\/v2\/media?parent=142"}],"curies":[{"name":"wp","href":"https:\/\/api.w.org\/{rel}","templated":true}]}}