{"id":137,"date":"2013-07-11T09:58:24","date_gmt":"2013-07-11T09:58:24","guid":{"rendered":"http:\/\/eec.cat\/blog\/?page_id=137"},"modified":"2026-03-07T17:00:17","modified_gmt":"2026-03-07T16:00:17","slug":"departament-dadolescents-i-joves","status":"publish","type":"page","link":"https:\/\/eec.cat\/blog\/que-fa-leec\/departament-dadolescents-i-joves\/","title":{"rendered":"DEPARTAMENT D&#8217;ADOLESCENTS I JOVES"},"content":{"rendered":"<p><strong>Responsable: Anna L\u00f3pez<\/strong><\/p>\n<p>L\u2019Esgl\u00e9sia Evang\u00e8lica de Catalunya, conscient\u00a0 de la falta d\u2019un espai propi pels adolescents en el seu s\u00ed, endega un nou projecte que ser\u00e0 coordinat des del Departament d\u2019Adolescents i Joves de l\u2019EEC, que fou creat en la reuni\u00f3 de la Mesa del dia 12 de desembre passat.<\/p>\n<p>La l\u00ednia estrat\u00e8gica de l\u2019EEC consisteix en la cerca d\u2019un major coneixement entre els adolescents i joves de les esgl\u00e9sies, per tal d\u2019afavorir el sentit grupal d\u2019unitat i poder aix\u00ed desenvolupar la nostra fe d\u2019una manera comunit\u00e0ria \u00e0mplia.<\/p>\n<p>Aix\u00ed doncs, es posa en marxa el Departament d\u2019Adolescents i Joves de l\u2019EEC, que intentar\u00e0 proporcionar uns espais i temps conjunts en els quals es promoguin diferents activitats participatives l\u00fadiques, relacionals i formatives, a partir d\u2019una estructuraci\u00f3 de centres d\u2019inter\u00e8s, que siguin afavoridors i potenciadors del desenvolupament integral dels i les usu\u00e0ries, tant a nivell individual, com a nivell grupal, mitjan\u00e7ant la creaci\u00f3 i enfortiment de lligams que puguin esdevenir duradors en el temps i que reforcin\u00a0 la vida de fe en comunitat.<\/p>\n","protected":false},"excerpt":{"rendered":"<p>Responsable: Anna L\u00f3pez L\u2019Esgl\u00e9sia Evang\u00e8lica de Catalunya, conscient\u00a0 de la falta d\u2019un espai propi pels adolescents en el seu s\u00ed, endega un nou projecte que ser\u00e0 coordinat des del Departament d\u2019Adolescents i Joves de l\u2019EEC, que fou creat en la reuni\u00f3 de la Mesa del dia 12 de desembre passat. La l\u00ednia estrat\u00e8gica de l\u2019EEC [&hellip;]<\/p>\n","protected":false},"author":1,"featured_media":0,"parent":91,"menu_order":0,"comment_status":"closed","ping_status":"open","template":"","meta":{"footnotes":""},"class_list":["post-137","page","type-page","status-publish","hentry"],"jetpack_sharing_enabled":true,"_links":{"self":[{"href":"https:\/\/eec.cat\/blog\/wp-json\/wp\/v2\/pages\/137","targetHints":{"allow":["GET"]}}],"collection":[{"href":"https:\/\/eec.cat\/blog\/wp-json\/wp\/v2\/pages"}],"about":[{"href":"https:\/\/eec.cat\/blog\/wp-json\/wp\/v2\/types\/page"}],"author":[{"embeddable":true,"href":"https:\/\/eec.cat\/blog\/wp-json\/wp\/v2\/users\/1"}],"replies":[{"embeddable":true,"href":"https:\/\/eec.cat\/blog\/wp-json\/wp\/v2\/comments?post=137"}],"version-history":[{"count":1,"href":"https:\/\/eec.cat\/blog\/wp-json\/wp\/v2\/pages\/137\/revisions"}],"predecessor-version":[{"id":2547,"href":"https:\/\/eec.cat\/blog\/wp-json\/wp\/v2\/pages\/137\/revisions\/2547"}],"up":[{"embeddable":true,"href":"https:\/\/eec.cat\/blog\/wp-json\/wp\/v2\/pages\/91"}],"wp:attachment":[{"href":"https:\/\/eec.cat\/blog\/wp-json\/wp\/v2\/media?parent=137"}],"curies":[{"name":"wp","href":"https:\/\/api.w.org\/{rel}","templated":true}]}}

<p><strong>Responsable: Anna López</strong></p>
<p>L’Església Evangèlica de Catalunya, conscient  de la falta d’un espai propi pels adolescents en el seu sí, endega un nou projecte que serà coordinat des del Departament d’Adolescents i Joves de l’EEC, que fou creat en la reunió de la Mesa del dia 12 de desembre passat.</p>
<p>La línia estratègica de l’EEC consisteix en la cerca d’un major coneixement entre els adolescents i joves de les esglésies, per tal d’afavorir el sentit grupal d’unitat i poder així desenvolupar la nostra fe d’una manera comunitària àmplia.</p>
<p>Així doncs, es posa en marxa el Departament d’Adolescents i Joves de l’EEC, que intentarà proporcionar uns espais i temps conjunts en els quals es promoguin diferents activitats participatives lúdiques, relacionals i formatives, a partir d’una estructuració de centres d’interès, que siguin afavoridors i potenciadors del desenvolupament integral dels i les usuàries, tant a nivell individual, com a nivell grupal, mitjançant la creació i enfortiment de lligams que puguin esdevenir duradors en el temps i que reforcin  la vida de fe en comunitat.</p>

<p>Responsable: Anna López L’Església Evangèlica de Catalunya, conscient  de la falta d’un espai propi pels adolescents en el seu sí, endega un nou projecte que serà coordinat des del Departament d’Adolescents i Joves de l’EEC, que fou creat en la reunió de la Mesa del dia 12 de desembre passat. La línia estratègica de l’EEC [&hellip;]</p>
